t o = -23 - -24. Let l(v) = 16*v + o - 5*v + 8*v. List the prime factors of l(3).
2, 29
Let w(r) = 1632*r**2 + 4*r - 5. What are the prime factors of w(1)?
7, 233
Let y = 502 - 109. What are the prime factors of y?
3, 131
Let s = -57 - -69. Let r(o) = -o**3 + 12*o**2 + 2*o + 24. What are the prime factors of r(s)?
2, 3
Let f(g) = -10*g - 7. Let q = 12 + -10. Suppose 2*m + 12 = -q*m. List the prime factors of f(m).
23
Let m(f) = 2*f**2 + 2*f - 2. Let k(l) = -l**3 + 5*l**2 - l. Let r be k(5). What are the prime factors of m(r)?
2, 19
Let m be (-19 + 113)/((-1 + -1)*-1). Suppose -t = -2*s - m, s + 174 = 5*t - 61. What are the prime factors of t?
47
Let v(o) = -3*o - 17. Let z be v(-14). List the prime factors of z + 1 - (-9 - -8).
3
Suppose 0 = -5*d + j + 1908, -4*d - j + 229 = -1301. What are the prime factors of d?
2, 191
Let o = -52 - -55. Suppose -8 = -o*v + 22. List the prime factors of v.
2, 5
Let y(t) = 514*t - 19. List the prime factors of y(1).
3, 5, 11
Suppose 0*y + 5*y = 10. Suppose -y*r = -4*r + 24. Let p = r - -17. List the prime factors of p.
29
Let t(u) be the second derivative of -21*u**5/10 - u**4/12 - u**3/6 - u**2/2 + 11*u. List the prime factors of t(-1).
41
Suppose -688 - 32 = 5*j. List the prime factors of (-1)/(0 + -2*(-1)/j).
2, 3
Suppose -33*b + 30*b + 378 = 0. Suppose g + g = b. What are the prime factors of g?
3, 7
Suppose 0 = 77*k - 80*k + 3*b + 7482, -5*b + 10003 = 4*k. List the prime factors of k.
11, 227
Let a(w) = w**2 + 2*w - 1. Suppose 3*q - 5 - 1 = 0. Let h be (q - 1) + 0 + -4. List the prime factors of a(h).
2
Suppose 2*p + l = 2, 0 = 3*p + 5*l - 0 + 4. Let q = 56 - 56. Suppose p*f - 120 + 9 = 5*b, q = -f + 2*b + 53. List the prime factors of f.
43
Let a(d) = d**2 - 14*d + 16. Let b be a(11). Let x = 76 + b. What are the prime factors of x?
59
Let u = 11 + -18. Let b(y) = -y**2 - 11*y - 5. What are the prime factors of b(u)?
23
Let k be 8/((-112)/21)*(1 - 47). Let u = k - 52. What are the prime factors of u?
17
Suppose 5*m - 10*m = -1310. Suppose -b + 3*b - m = 0. List the prime factors of b.
131
Suppose -5*h = -5*n + 2 - 32, 5*h + 5*n = 80. Suppose 0 = t + 4*w - 1 - 10, -t - 5*w = -h. Let v(d) = 2*d + 7. What are the prime factors of v(t)?
29
What are the prime factors of (4*240/(-15))/((-1)/17)?
2, 17
Let v(x) = 3*x**2 - 13*x - 11. Let s(t) = 8*t**2 - 38*t - 34. Suppose 3 = -5*j + 58. Let q(b) = j*v(b) - 4*s(b). What are the prime factors of q(-11)?
37
Let d = -469 + 136. Let p = d + 474. What are the prime factors of p?
3, 47
Let y = -2 - -6. Suppose m = -0*s + s + y, 0 = 3*s - 3. Suppose -20 = -10*c + m*c. What are the prime factors of c?
2
Let p be 0 - 1/1 - -9. Suppose p*o - o = 476. What are the prime factors of o?
2, 17
Let k(p) = -2*p**3 + 16*p**2 - 17*p + 9. Let c be k(7). Let u be 42/8 + (-1)/4. Let a = u - c. List the prime factors of a.
17
Let p(o) = o**2 - 2*o - 12. Let k be p(0). List the prime factors of (-8)/(15/k - -1).
2
Let j = -304 - -866. List the prime factors of j.
2, 281
Suppose 0 = -32*m + 29*m + 288. Let s = 102 + m. List the prime factors of s.
2, 3, 11
Suppose -5*a - 4*p = -768, -2*p - 1 = 5. Suppose -3*y - y + a = 0. Suppose -y = -3*k + 39. List the prime factors of k.
2, 13
Let r = -604 + 1399. List the prime factors of r.
3, 5, 53
Let a be 1/4 + (-535)/(-20). Suppose 0 = 4*s - 5*r - a, -4*s - 2*r + 9 = s. Suppose -5*p + 18 = s. List the prime factors of p.
3
What are the prime factors of ((-34)/85)/((4/(-5305))/4)?
2, 1061
Let o(n) = n + 333. What are the prime factors of o(-31)?
2, 151
Let b = -3 + 11. Let n(d) = d**2 + 3*d - 6. List the prime factors of n(b).
2, 41
What are the prime factors of 4056/15 + 15/25?
271
Suppose -4*n + 15 = -17. Let s be 4/n*(-10 - -2). What are the prime factors of 2/s - 372/(-24)?
3, 5
Let d(g) = 4*g + 9. Suppose -6*r + 8 = -4. List the prime factors of d(r).
17
Let a(b) = b**3 - 11*b**2 - 12*b + 4. Let q(v) = -v**2 - 4*v + 1. Let w be q(-2). Suppose -5 = w*x - 65. List the prime factors of a(x).
2
Let i(l) = -2*l**2 - 11*l - 2. Let r(v) = -2*v**2 - 10*v - 2. Let b(u) = -4*i(u) + 3*r(u). Let o be 1*((-3)/3 + 2)*-10. What are the prime factors of b(o)?
2, 31
Let f be (2 - -5)*2/(2 - 0). List the prime factors of f/(28/936) + -1.
233
Let u(q) = -4*q - 27. List the prime factors of u(-16).
37
Let k = -652 - -971. What are the prime factors of k?
11, 29
Suppose -5*u + 70 = 3*n + 2*n, -3*n - 4*u + 47 = 0. Let d(c) = -n - 4*c + 2*c**2 + 6*c + 8 + 4. What are the prime factors of d(3)?
3
Suppose -p + 2030 = 4*x, 0 = -x - x + 3*p + 1022. List the prime factors of x.
2, 127
Let x be 200/(-15)*18/15. Suppose -3*y + d + 96 = 0, 0 = y + 3*d - 37 - 5. Let n = y - x. List the prime factors of n.
7
Suppose 2*c + 119 = -9. List the prime factors of ((-16)/c)/((-1)/(-236)).
59
Let k(w) = w**2 - 5*w + 4. Let h be k(5). Suppose -2*a + 200 = -4*q, 0*a - 270 = -3*a - h*q. What are the prime factors of a?
2, 47
Let j be ((-1)/(-2))/((-8)/(-7792)). Suppose -142 = 5*z - j. What are the prime factors of z?
3, 23
Let o be 76/14 + (-12)/28. Suppose 2*d = -2*a + 30, -o*a - 2*d - 32 + 92 = 0. Suppose -f + a = k, -2*f = -4*k - 4*f + 42. What are the prime factors of k?
11
Let y(z) = z - 9. Let d(k) = 2*k - 1. Let s(v) = 2*d(v) - y(v). Let c = -3 + 6. List the prime factors of s(c).
2
Suppose -2*t - 1381 = -3*t + 4*j, -4*t + 5448 = 3*j. List the prime factors of t.
3, 5, 7, 13
List the prime factors of (26 - 256)/(1/(-4)*2).
2, 5, 23
Let n = 44 + -33. Suppose -2*u = 4*g - 76, g - 2*u - 19 = -u. Let b = g - n. List the prime factors of b.
2
Let a(g) = 8*g**2 - 38*g + 29. List the prime factors of a(13).
887
Suppose 13*x - 2677 = 677. What are the prime factors of x?
2, 3, 43
List the prime factors of (50/30 + -1)/(4/1686).
281
Let r = 25 - 25. Let j = r + 20. What are the prime factors of j?
2, 5
Let o = -22 - 3. Let c = o + 30. Suppose 0*s - 210 = -c*s. What are the prime factors of s?
2, 3, 7
Suppose 5*f = -15, 2*w + 3*f = 5*f + 32. Let n(i) = 7*i - 18. Let m be n(w). Suppose -2*r + m = 5. What are the prime factors of r?
2, 17
Let j(b) = b**2 - 34*b + 2178. What are the prime factors of j(0)?
2, 3, 11
Let o be (-3)/(-2 + 2277/1140). Suppose 14*c = 9*c + o. What are the prime factors of c?
2, 3, 19
Suppose 0 = d - 5*d + 68. Suppose s = -21 + 6. Let n = s + d. What are the prime factors of n?
2
Suppose 2*v = -3 + 55. Suppose v = 5*g - 14. Suppose -b = 3*p - 61 + g, 4*b = -4*p + 60. List the prime factors of p.
19
Let m(v) be the first derivative of -v**3/3 - 11*v**2/2 - v - 4. Let g be m(-6). Let d = g - -6. What are the prime factors of d?
5, 7
Let w(m) = m**3 - 7*m**2 + 7*m - 2. Let u be w(6). Suppose -u*f = -r + 85, -3*f + 110 - 295 = -2*r. List the prime factors of r.
97
Let s be 3/2*6/(-9) - -117. Suppose 4*j + 5*y - 66 = 144, 2*j - s = 3*y. What are the prime factors of j?
5, 11
Let l(x) = -x + 19. Let m be (-35)/(-14)*16/5. What are the prime factors of l(m)?
11
Suppose 0 = -10*f + 5*f + 25. Suppose -1274 = -4*a - 2*o, o + 0 + f = 0. What are the prime factors of a?
3, 107
Let k(a) be the third derivative of -1/8*a**4 - 3*a**2 + 1/2*a**3 + 1/30*a**5 + 0*a + 0. List the prime factors of k(3).
2, 3
Suppose -5*q + 3*c + 423 = 0, -5*q + 495 - 74 = -c. Suppose k - d + 0 = -2, 2*k - 2 = -d. Suppose 3*b + b - q = k. What are the prime factors of b?
3, 7
Let g(x) be the first derivative of -x**4/2 + 7*x**3/3 + 5*x**2/2 - 7*x + 4. What are the prime factors of g(-4)?
3, 71
Suppose 1443 = 6*h - 1311. What are the prime factors of h?
3, 17
Let l be ((-42)/8)/(1/4). Let z be (-6 + 14 + 6)*1/(-2). Let d = z - l. What are the prime factors of d?
2, 7
Let y = -415 - -721. List the prime factors of y.
2, 3, 17
Let s(t) = t**3 + 12*t**2 - 56*t - 37. List the prime factors of s(-11).
2, 5, 7
Let x be 1/(((-1)/89)/1). Let q = x - -129. List the prime factors of (4 + -3 - 5) + q.
2, 3
Suppose 6*j - 2*j - 4 = 5*q, 20 = -5*j. Let n = q + 7. Suppose n*f - c - 92 = -6, -2*c + 24 = f. List the prime factors of f.
2, 7
List the prime factors of (-68)/1122 - 15281/(-33).
463
Let j(o) = -2*o**3 + 1 - o + 6*o**3 + 0*o**3. Suppose 0 = -0*i + 5*i - 5, 5*z - 12 = -2*i. List the prime factors of j(z).
31
Let w(i) = -7*i + 9. Let n(b) = 4*b - 5. Let t(q) = 5*n(q) + 2*w(q). What are the prime factors 